s the hundreds digit of 16972?
9
What is the units digit of 33?
3
What is the units digit of 19599?
9
What is the thousands digit of 1636?
1
What is the ten thousands digit of 54737?
5
What is the units digit of 2543?
3
What is the hundreds digit of 5503?
5
What is the units digit of 1084?
4
What is the thousands digit of 18611?
8
What is the hundreds digit of 1664?
6
What is the units digit of 8273?
3
What is the thousands digit of 108534?
8
What is the thousands digit of 46080?
6
What is the tens digit of 4157?
5
What is the units digit of 4204?
4
What is the units digit of 2771?
1
What is the units digit of 9085?
5
What is the hundreds digit of 1609?
6
What is the ten thousands digit of 15206?
1
What is the thousands digit of 1968?
1
What is the thousands digit of 5290?
5
What is the hundreds digit of 11813?
8
What is the ten thousands digit of 19832?
1
What is the hundreds digit of 9681?
6
What is the thousands digit of 11934?
1
What is the hundreds digit of 3341?
3
What is the tens digit of 107494?
9
What is the thousands digit of 6483?
6
What is the tens digit of 1385?
8
What is the ten thousands digit of 10821?
1
What is the hundreds digit of 37094?
0
What is the tens digit of 191?
9
What is the hundreds digit of 88458?
4
What is the tens digit of 794?
9
What is the tens digit of 161465?
6
What is the hundreds digit of 1556?
5
What is the units digit of 16939?
9
What is the tens digit of 841?
4
What is the tens digit of 15166?
6
What is the tens digit of 949?
4
What is the tens digit of 99956?
5
What is the units digit of 133?
3
What is the tens digit of 882?
8
What is the tens digit of 506?
0
What is the units digit of 761?
1
What is the units digit of 574?
4
What is the units digit of 16385?
5
What is the ten thousands digit of 21888?
2
What is the thousands digit of 4804?
4
What is the units digit of 39834?
4
What is the ten thousands digit of 51184?
5
What is the tens digit of 23839?
3
What is the tens digit of 101?
0
What is the tens digit of 30695?
9
What is the tens digit of 12577?
7
What is the hundreds digit of 1142?
1
What is the thousands digit of 11263?
1
What is the hundreds digit of 210?
2
What is the tens digit of 585?
8
What is the units digit of 15816?
6
What is the hundreds digit of 7432?
4
What is the tens digit of 8805?
0
What is the thousands digit of 1931?
1
What is the units digit of 231?
1
What is the tens digit of 11551?
5
What is the units digit of 1051?
1
What is the units digit of 105643?
3
What is the tens digit of 562?
6
What is the hundreds digit of 17806?
8
What is the hundreds digit of 197?
1
What is the thousands digit of 12408?
2
What is the units digit of 1137?
7
What is the hundreds digit of 1078?
0
What is the hundreds digit of 9205?
2
What is the thousands digit of 1105?
1
What is the thousands digit of 11168?
1
What is the thousands digit of 3209?
3
What is the hundreds digit of 248?
2
What is the hundreds digit of 43193?
1
What is the units digit of 5460?
0
What is the tens digit of 181?
8
What is the units digit of 4367?
7
What is the thousands digit of 7992?
7
What is the tens digit of 1387?
8
What is the thousands digit of 17698?
7
What is the tens digit of 11624?
2
What is the units digit of 14571?
1
What is the thousands digit of 13231?
3
What is the units digit of 1562?
2
What is the units digit of 569?
9
What is the units digit of 22347?
7
What is the thousands digit of 6477?
6
What is the thousands digit of 15759?
5
What is the thousands digit of 3876?
3
What is the thousands digit of 27306?
7
What is the tens digit of 1770?
7
What is the hundreds digit of 2444?
4
What is the units digit of 932?
2
What is the hundreds digit of 2028?
0
What is the ten thousands digit of 72347?
7
What is the ten thousands digit of 64533?
6
What is the tens digit of 16271?
7
What is the thousands digit of 4208?
4
What is the tens digit of 6476?
7
What is the tens digit of 605?
0
What is the thousands digit of 7042?
7
What is the thousands digit of 15264?
5
What is the hundreds digit of 57540?
5
What is the units digit of 586?
6
What is the tens digit of 496?
9
What is the hundreds digit of 624?
6
What is the thousands digit of 6847?
6
What is the hundreds digit of 4082?
0
What is the tens digit of 33842?
4
What is the hundreds digit of 5916?
9
What is the hundreds digit of 686?
6
What is the hundreds digit of 93906?
9
What is the units digit of 4941?
1
What is the hundreds digit of 8873?
8
What is the units digit of 18390?
0
What is the tens digit of 85196?
9
What is the units digit of 15624?
4
What is the units digit of 36435?
5
What is the tens digit of 17925?
2
What is the hundreds digit of 3208?
2
What is the thousands digit of 37214?
7
What is the thousands digit of 3684?
3
What is the thousands digit of 2464?
2
What is the thousands digit of 6635?
6
What is the thousands digit of 1699?
1
What is the tens digit of 1032?
3
What is the units digit of 845?
5
What is the tens digit of 257?
5
What is the tens digit of 12550?
5
What is the tens digit of 6466?
6
What is the hundreds digit of 28365?
3
What is the thousands digit of 1149?
1
What is the tens digit of 10823?
2
What is the units digit of 2492?
2
What is the thousands digit of 1693?
1
What is the thousands digit of 1867?
1
What is the hundreds digit of 4848?
8
What is the hundreds digit of 6057?
0
What is the units digit of 1396?
6
What is the units digit of 87660?
0
What is the tens digit of 4427?
2
What is the thousands digit of 135326?
5
What is the units digit of 40?
0
What is the hundreds digit of 3578?
5
What is the thousands digit of 52603?
2
What is the tens digit of 7160?
6
What is the tens digit of 51257?
5
What is the tens digit of 1146?
4
What is the tens digit of 13709?
0
What is the thousands digit of 13281?
3
What is the tens digit of 3584?
8
What is the tens digit of 310?
1
What is the hundreds digit of 565?
5
What is the units digit of 478?
8
What is the units digit of 20979?
9
What is the units digit of 4572?
2
What is the hundreds digit of 4759?
7
What is the ten thousands digit of 69239?
6
What is the units digit of 100?
0
What is the tens digit of 923?
2
What is the hundreds digit of 14494?
4
What is the tens digit of 4068?
6
What is the thousands digit of 2882?
2
What is the tens digit of 803?
0
What is the hundreds digit of 92273?
2
What is the hundreds digit of 1169?
1
What is the ten thousands digit of 39028?
3
What is the units digit of 2124?
4
What is the thousands digit of 2328?
2
What is the units digit of 553?
3
What is the tens digit of 138?
3
What is the units digit of 676?
6
What is the units digit of 574?
4
What is the ten thousands digit of 20838?
2
What is the thousands digit of 1008?
1
What is the thousands digit of 2569?
2
What is the thousands digit of 2346?
2
What is the thousands digit of 18481?
8
What is the thousands digit of 1705?
1
What is the units digit of 762?
2
What is the hundreds digit of 5133?
1
What is the units digit of 8250?
0
What is the ten thousands digit of 54561?
5
What is the tens digit of 1643?
4
What is the thousands digit of 51933?
1
What is the tens digit of 13611?
1
What is the tens digit of 1435?
3
What is the units digit of 18672?
2
What is the tens digit of 5047?
4
What is the units digit of 53?
3
What is the thousands digit of 11088?
1
What is the ten thousands digit of 10408?
1
What is the ten thousands digit of 23758?
2
What is the thousands digit of 1753?
1
What is the hundreds digit of 196?
1
What is the thousands digit of 89285?
9
What is the hundreds digit of 18021?
0
What is the units digit of 49688?
8
What is the thousands digit of 10581?
0
What is the hundreds digit of 1429?
4
What is the units digit of 42214?
4
What is the units digit of 8227?
7
What is the tens digit of 145930?
3
What is the tens digit of 2703?
0
What is the units digit of 81449?
9
What is the hundreds digit of 37757?
7
What is the units digit of 535?
5
What is the hundreds digit of 21692?
6
What is the hundreds digit of 634?
6
What is the units digit of 20048?
8
What is the thousands digit of 17149?
7
What is the tens digit of 136707?
0
What is the hundreds digit of 54395?
3
What is the tens digit of 44921?
2
What is the units digit of 27951?
1
What is the units digit of 2958?
8
What is the tens d